ber?
True
Let o = 633 + 1076. Is o a composite number?
False
Let p = 5593 + -2388. Is p composite?
True
Let c(b) = 3*b**3 + 5*b**2 - 8. Suppose -13*h = -9*h - 12. Is c(h) a prime number?
False
Let z(v) = v**2 + 10*v + 21. Let f be z(-8). Suppose 3*h = -2*d + 2857, -f*d - 4770 = -5*h - 0*h. Is h a prime number?
True
Let m(n) = n**3 - 26*n**2 + 138*n + 17. Is m(22) composite?
False
Suppose -2*s - 4*g + 472 = 0, s + s - g = 467. Let w = s + -161. Let k = 45 + w. Is k a composite number?
True
Is (-4 + 10/4)*(-9242)/3 a composite number?
False
Suppose -158*y + 150*y + 62456 = 0. Is y a composite number?
True
Let j be 0*((-4)/(-4))/1. Suppose 4*s + 0 = v - 3, j = 3*v - 4*s - 1. Is ((-479)/v)/(-4 - -5) composite?
False
Let d = -26471 - -56260. Is d prime?
True
Let j(h) = 4*h**3 - h**2 + 3*h - 2. Let f be j(2). Let c = f - -411. Is c a prime number?
True
Suppose 4*s = 9554 + 10098. Let q = -3052 + s. Is q prime?
True
Suppose -27*u + 328824 = -3*u. Is u prime?
False
Is 4/(-2)*(1076/(-8) + 3) a prime number?
True
Let w(u) = 4*u**2 + 9*u - 6. Let t(g) = g**2 - 6*g - 8. Let n be t(7). Let m be ((-1)/(-3))/(n/(-21)). Is w(m) composite?
True
Let h(a) = a**3 - 9*a**2 + 11*a + 9. Let y = 4 - -8. Let q be h(y). Suppose 3*r = 6*r - q. Is r a composite number?
False
Suppose s + 396 + 341 = 0. Let u = s - -1156. Is u a prime number?
True
Let g(p) = p + 1. Let t(x) = 77*x + 9. Let i(r) = -6*g(r) + t(r). Is i(1) a composite number?
True
Let h(s) = s**3 - 28*s**2 + 117*s - 25. Is h(28) composite?
False
Let q(s) be the first derivative of -9*s**3 + 11*s**2/2 + 7*s + 8. Let r(n) be the first derivative of q(n). Is r(-9) a prime number?
False
Suppose 41*a + 69*a = 2826230. Is a composite?
False
Let x(m) = 49*m + 10. Suppose 21 = 4*a - a. Is x(a) a composite number?
False
Let d(m) = 132*m + 9*m + 3 + 128*m. Let o be 6/4*12/9. Is d(o) a prime number?
True
Let v(l) = 6*l**2 - 13*l - 24. Is v(7) prime?
True
Suppose 3*s + s = 5*x - 124519, 2*x - 5*s - 49794 = 0. Is x prime?
True
Let q = 193249 - 135630. Is q a composite number?
True
Let a(k) = -3*k - 3. Let o be a(4). Let h = -37 - o. Is (h/55)/(2/(-10)) prime?
True
Is 1/3 - 2485/(-15) prime?
False
Let s = -16 + 22. Let v(l) = -l**3 - 17*l**2 - 17*l + 5. Let k be v(-18). Suppose -s*i = -i - k. Is i composite?
False
Suppose 128*l - 116*l = 55452. Is l a prime number?
True
Is (-205)/(-123)*53538/10 prime?
True
Suppose -3*x = 4*i - x - 1670, 3*i + 4*x - 1250 = 0. Suppose -110 = -4*s - i. Is -1 - (s + (3 - 6)) prime?
True
Let z(h) = 547*h**3 + 8*h**2 - 17*h + 5. Is z(6) prime?
True
Let k(h) = -198*h + 24. Let f be k(8). Is (2 + f/(-9))/(8/12) a prime number?
True
Let m = 23646 + -14647. Is m a composite number?
False
Let o = -3200 + 1908. Let r = 1214 - 3147. Let u = o - r. Is u composite?
False
Is 4/6*(24390/12 - -9) a composite number?
False
Let h = 7 + -1. Suppose s = 11 - h. Suppose -s*o = -613 - 572. Is o composite?
True
Let m(x) = -52*x + 13. Let o(w) = w**2 + w - 2. Let b be o(-2). Suppose b = 2*p + 17 + 1. Is m(p) a prime number?
False
Suppose 6*g - 2*g - 8 = 2*m, -3*m = 3*g + 12. Suppose g = -4*y + 25 + 15. Is (8/y)/(6/795) composite?
True
Suppose 3*k - 26 - 10 = 0. Let x = k - 8. Suppose -31 = -x*v + 117. Is v a prime number?
True
Let w = -25 - -10. Let h be (-3)/18*3*12. Is h/w*(-4755)/(-6) a prime number?
True
Let o(v) = 3*v**3 - v**2 - 2*v - 1. Let k be o(-1). Let f(g) = 6 - 7*g - 22*g - 2. Is f(k) a composite number?
True
Let v be (-8)/(-10)*20/8. Suppose 2*i = -v*i + 8. Suppose 5*c - i*c - 114 = 0. Is c a prime number?
False
Let r(p) = 8*p**2 + 18*p + 1. Is r(-7) prime?
False
Suppose -10*n - 434005 = -75*n. Is n prime?
False
Suppose -1072*s = -1069*s - 19347. Is s prime?
True
Is (1/((-40)/(-29912)))/((-2)/(-10)) composite?
False
Let v(c) be the third derivative of 41*c**5/60 - c**4/6 + 9*c**2. Is v(-3) prime?
False
Let b(q) = 493*q**3 + 2*q**2 - 8*q + 7. Is b(2) composite?
False
Suppose 326 = 15*c - 304. Let t(l) = -l**3 - l**2 - 4*l - 3. Let r be t(-4). Suppose r = a - c. Is a prime?
True
Suppose 0*h = 2*h - 34. Let a = 21 - h. Suppose 0 = -d - a*d + 35. Is d a composite number?
False
Let d(r) = -r**3 + 4*r**2 - r - 3. Let t = -6 + 9. Let k be d(t). Suppose k*p - 386 - 61 = 0. Is p prime?
True
Let d be (-18)/(-63)*-7*55/(-2). Let v be 18*(1 - (-2)/4). Let i = v + d. Is i composite?
True
Suppose q - 70381 = -3*y - 3*q, -y - 4*q + 23463 = 0. Is y a prime number?
True
Suppose -2*x - 1 - 1 = -5*b, 4*b = 3*x + 3. Suppose -2*u + b*u + 1146 = 0. Is u composite?
True
Suppose 0 = -3*w - b - 44018 + 303774, -b = -5*w + 432924. Is w prime?
False
Suppose 0 = v - 3*i - 7, 0 = -5*v + 6*i - 3*i + 47. Is (-1966)/v*(-14 + 9) prime?
True
Let r be 10/45 + 1606/(-18). Let k = r + 142. Is k a prime number?
True
Suppose 0 = -4*w + 2182 + 702. Let b = w - 314. Is b a composite number?
True
Suppose 4242 + 22933 = 5*t. Is t a composite number?
True
Let h be 2/(-15) + 188/60. Let c(b) = b**h + 16 - 2*b - 3*b - 2*b**3 - 11*b**2 + 3. Is c(-14) composite?
False
Let h(b) = -5*b**2 + 13*b - 77. Let n(g) = -g**2 + 3*g - 19. Let r(a) = -2*h(a) + 9*n(a). Is r(-12) a prime number?
False
Let q = -38 + 48. Let j(o) = o**3 - 9*o**2 - o + 19. Is j(q) composite?
False
Suppose 3*m - 162041 + 40412 = 0. Is m composite?
False
Let a(r) = 163*r - 165 - 84*r + 142*r + 133. Is a(5) prime?
False
Let o be (-1)/(2 + (-20)/8). Suppose 5 = o*m - 5*v - 12, -3*m = -2*v - 42. Suppose -m = -4*k - 0*k. Is k a prime number?
False
Let h = 2471 - 636. Is h/((-3)/(2 - 5)) a prime number?
False
Let o(s) = 7 + 0*s**3 + 27*s**2 - 34*s**2 + s**3 - s. Let a be o(7). Suppose h = i - 3*h - 66, a = -5*i + h + 406. Is i prime?
False
Let y be -4 + 2*(0/(-2) + -1). Is 2*1/(y/(-633)) composite?
False
Suppose -3*v = -7*v - 40. Suppose -t - 4 = 13. Let m = v - t. Is m a prime number?
True
Let b be 0 + 4/1 - -2. Suppose b*n + 10026 = 24*n. Is n prime?
True
Let p be (31 + 0 - 1)*2/6. Is 4050/34 - p/(-255)*-3 a prime number?
False
Suppose 0 = 5*g + 5*h + 420, 5*g - 4*h = -h - 436. Let r = g + 139. Is r a composite number?
False
Let o = 7085 + -5032. Is o a composite number?
False
Suppose -z - 851 = -s - 0*s, -s - 2*z = -848. Let y = 2673 - s. Is y composite?
False
Let r be 8*(6/(-4) + 2). Let g = 8 - r. Suppose 0 = -f + g*f - 15, -2*f - 64 = -2*w. Is w composite?
False
Let j = 17 + -31. Let q be j/(-49) - (-2166)/14. Suppose 3*d = 4*u + 54 + 103, -q = -3*d + 5*u. Is d prime?
False
Suppose -5*z = -2*l - 74106, 9*z - 7*z + 3*l = 29650. Is z prime?
False
Let f be 6/9*6 - 1. Suppose -2*z - 5*k + 119 = 0, 5*z - f*k - 18 = 202. Is z a prime number?
True
Let h = 298 + -7. Suppose -2*x = x - h. Is x prime?
True
Let x(h) = -31*h + 23. Suppose -3*g = 3*f, -2*f - 4*g + 5 + 5 = 0. Is x(f) prime?
False
Let z be 4/(-12)*(-1 + 7) - -30. Suppose z*o + 11065 = 33*o. Is o composite?
False
Suppose -2*w = -2*y - 8, y + 2 = -3*w - 14. Let c = y + 12. Suppose 28 = 4*t + c*h, -h - 3 + 1 = -3*t. Is t composite?
False
Let z = 3033 - 1610. Is z a prime number?
True
Let l(d) = d**3 - 7*d**2 - 8*d + 8. Let v be l(8). Suppose 0 = v*m - 7*m - 253. Is m a composite number?
True
Suppose 5*d + 46 = 3*l - 0*l, 46 = 4*l + d. Suppose -3*f = f + l. Let v = f - -14. Is v a composite number?
False
Suppose -2*p + 4*p = -8, -3*j - 4*p + 247139 = 0. Is j a composite number?
True
Let l = -1660 + 2639. Is l a prime number?
False
Let f be 2/(-13) + (-6150)/78. Let u = 70 - f. Is u prime?
True
Suppose 0 = 3*h - 12, 2*w - 844 + 182 = -5*h. Is w prime?
False
Let c be 1 - (2 - 3) - -8. Suppose -5*l + 148 - 4 = 2*y, -5*l = c. Is y a composite number?
True
Let j(r) = 9*r**3 - 30*r**2 + 39*r - 19. Is j(16) prime?
True
Let x(z) be the second derivative of -11*z**5/20 - 2*z**3/3 - 7*z**2 + 14*z. Is x(-4) a prime number?
False
Is -5 + 24324/1 + -7 + 7 composite?
True
Let n be (1 - 3) + 1 + 1. Suppose n*p + 1 = -p. Is 173 - -3 - p*3 a composite number?
False
Let w = -49 + 50. Let g(v) = 2*v**2 + 56*v**3 - 3*v**2 + 0*v**2. Is g(w) a composite number?
True
Let c = 63 - 11. Suppose -5*o - c = -3167. Is o prime?
False
Let c = -59 - -61. Suppose c*i - i = 3*s + 1008, 0 = -3*i + 4*s + 3029. Is i prime?
False
Suppose -444 = -105*m + 101*m. Is m a prime number?
False
Suppose 5*j - 335549 = -2*q, 5*j - 230422 = 4*q + 105115. Is j prime?
False
Let 